(-3).
4
Let w = -41 - -54. Let z(i) = 12 - 2*i**2 - i**3 - w - i**2 + 4 + 3*i. What is z(-3)?
-6
Let j(o) be the first derivative of -o**4/4 - 8*o**3/3 + o**2/2 + 285. Give j(-8).
-8
Let x(g) = -59*g - 410. Let i be x(-7). Let s(z) = -15*z - 1. Give s(i).
-46
Let v = -8 + 10. Let p(t) = 4*t - 8 - t**v - 11*t - 3*t. What is p(-8)?
8
Let f be -3*110/(-27) - 2/9. Let l = 12 - f. Let z(c) = 8 + c**3 - 2 + 0. Give z(l).
6
Let y(l) be the first derivative of 5*l**2/2 - 61. Determine y(6).
30
Let w be 1/(-2)*0 - 5. Let i(o) = -3 + 0 - o + o**3 - 32*o**2 + 5*o + 38*o**2 + 2. Determine i(w).
4
Suppose -6*v - 20 = -v. Let p(b) = -b**2 - 4*b + 2. Let y be p(-3). Let m(j) = y*j - 6*j - 6 - j**2 - 6*j. Give m(v).
6
Let w(g) = g**3 + 6*g**2 + 3*g + 6. Let z = -102 - -128. Suppose -3*h - i - 23 = 0, -4*i = -h + 2*h + z. What is w(h)?
-12
Let y(t) = -4*t + 56. Suppose 7*x = 28 + 84. What is y(x)?
-8
Let k = 91 + -56. Let v = k - 43. Let j(f) = -2*f - 11. Calculate j(v).
5
Let k(d) be the first derivative of -3*d**4/2 - 2*d**3/3 + d - 16. Let g = 13 + -12. Determine k(g).
-7
Let g(d) be the third derivative of d**6/30 - d**4/12 + d**3/6 + d**2. Let j(b) = 3*b**2 - 5*b - 1. Let i be 12/7 + 8/28. Let s be j(i). Calculate g(s).
3
Let c = -103 + 114. Suppose -18 = z + 3*z - 3*j, -z + 4*j = c. Let g(q) = -q**2 - 4. Calculate g(z).
-13
Let p be 2/(-6)*-6 - 2. Let y(s) = 1 - 6*s + 0*s + p*s + 8*s. What is y(3)?
7
Let h(f) = f**3 + 6*f**2 + 6*f + 13. Let r be h(-5). Let o(i) = -3 - 10*i**3 + 17*i**3 + 4*i**2 - r*i**3. Let q be (6/4)/(1/2). Give o(q).
6
Suppose 4*h + 4*w = -100, 4*w - 75 = 4*h + 3*w. Let j = h + 21. Let y(b) = 7*b**3 + b**2 - b. Calculate y(j).
7
Suppose 3*b - 244 + 85 = 0. Let x(w) = -58 - 5*w + b + 0*w + w**2. What is x(5)?
-5
Let o(f) = -f - 2. Suppose 4*n + 25 - 97 = 0. Suppose -n*y + 15 = -13*y. Give o(y).
-5
Let u be (13 - 0)*(-20)/(-260)*(-2 + 1). Let q(d) = 4*d - 7. Let x(t) = 0 - 4 + 5. Let g(s) = -q(s) - 6*x(s). Give g(u).
5
Let y be (-4)/((-16)/4) - 6. Let n be -14*(y/2 - -3). Let c(b) = -7*b + 3*b**2 + 6*b**2 + 3*b**2 - 13*b**2. Give c(n).
0
Suppose 2*f + 0*f - 18 = 4*k, 3*k = -f - 6. Let j(g) be the third derivative of g**5/30 - g**4/8 - g**3/3 - 4*g**2 + 3*g. Determine j(f).
7
Let g = 58 + -53. Let j(y) = 0 + 0*y - 2*y - 6 + 3*y. What is j(g)?
-1
Suppose 5*d + 4*f - 14 = 24, 3*d + f = 20. Let g(k) be the first derivative of -d - 1/2*k**2 - 2*k. Calculate g(-6).
4
Suppose 2*q + 3 = -35. Let r = q + 20. Let n(g) = -23*g + 14*g + 8*g + r. Calculate n(-6).
7
Suppose -17*l + 85 = -0*l. Let y(z) = -z + 4. Give y(l).
-1
Let f(p) = 8*p - 8 + 8*p + 5*p - 20*p. Give f(-6).
-14
Let r be 3 - (16/200 - (-48)/25). Let o(s) = -11*s**3 - 5*s**2 - 7*s + 2. Let p(m) = 17*m**3 + 8*m**2 + 11*m - 3. Let a(l) = 8*o(l) + 5*p(l). What is a(r)?
-3
Let v(y) = -y**3 - 5*y**2 + 5*y - 2. Let g = -16 - -9. Suppose 0*l = -2*l + 2*n + 6, 0 = 2*l + 3*n + 4. Let j = g + l. Determine v(j).
4
Let m(s) = -5. Let q(b) = 3*b - 24. Let o(x) = -24*m(x) + 5*q(x). Let j(r) = -r**2 + 6*r - 6. Let v be j(4). Suppose 4*g + v = 6*g. Determine o(g).
15
Let c be 4*((-36)/(-16) + -4). Let s(k) = k + 7. Let b(u) = 0 - 19*u + 18*u - 7. Let l(x) = 4*b(x) + 5*s(x). What is l(c)?
0
Let g(r) = r**2 - 4. Let a(b) = -b + 11. Let n be -1*(-1 + 1 + 0). Let y be a(n). Let m = 15 - y. Determine g(m).
12
Let n = -3 - 1. Let j(d) = 2*d - 5. Let u(m) = m - 3. Let l be (93/62)/((-3)/8*1). Let x(h) = l*j(h) + 7*u(h). What is x(n)?
3
Let a(b) = -14 + 340*b**2 - 110*b**2 - 117*b**2 + 3*b + 5 - 114*b**2. Calculate a(5).
-19
Let u(m) = -3*m + 3. Let b(v) = 6*v - 7. Let g(f) = 4*b(f) + 9*u(f). Suppose 8*p = -21 + 29. Let y be 2/3 - (24/(-18) + p). What is g(y)?
-4
Let b be 1/3 - 28/(-6). Suppose b*g = 3*g + 10. Let n(y) = -53*y + 22*y + 15*y + 17*y + 2 - 1. Give n(g).
6
Let s(t) = t**2 - 7*t + 3. Let j be s(5). Let l(m) = 2 - m**2 + 0 - 5*m - 3*m - 12. Calculate l(j).
-3
Let u be (3/1)/(-6 - -7). Suppose 0 = 2*o + 4*k - 24, -4 + 0 = 2*o - u*k. Suppose 0 = -d - o*d. Let g(h) = h + 7. Calculate g(d).
7
Let x(m) be the first derivative of -1/4*m**4 + 0*m**2 + 2*m**3 + 50 + 2*m. What is x(5)?
27
Let z(l) = -2*l - 4. Let i = 251 - 248. Give z(i).
-10
Let i(u) = 2*u + 10. Let j = -14 + 16. Suppose 0*p = j*p, 0 = 5*b + 3*p - 20. Let h be (5 - b)*14/(-2). What is i(h)?
-4
Let h(p) = 5464*p**3 - 4 - 11*p**2 + 1 - 5463*p**3 + 3*p + 8*p. What is h(10)?
7
Suppose 5*j + 0*j - 6*j - 5 = 0. Let o be 1/(1 - 0) - 1. Let d(b) = -b + b + b + o. Calculate d(j).
-5
Let j(d) = -2*d + 5. Let s(r) = 5*r - 11. Let m(i) = 9*j(i) + 4*s(i). Calculate m(3).
7
Suppose -3*i - 3*f = f - 29, 5*i - 95 = 5*f. Suppose 2*j - i = -j. Suppose 0*o + o + 3*c - 10 = 0, 4*o - 5 = -j*c. Let b(u) = -2*u + 2. Determine b(o).
12
Let d be (-3 + 2)/((-2)/10). Let i(y) = y - 2. Let w(j) = -5*j + 3. Let h(b) = 3*b - 2. Let c(k) = 7*h(k) + 4*w(k). Let f(t) = d*c(t) - 6*i(t). Give f(-6).
8
Let p be (42/(-15))/(4/(-10)). Let m(h) = p - 2*h**2 + 3*h**2 - 13*h + 12*h. Let g(a) = -a**3 - 2*a**2 + 3*a. Let j be g(-3). Give m(j).
7
Let q(t) = 3*t**2 + 5*t + 5. Let x(n) = -n**2 + n. Let p(l) = q(l) + 2*x(l). Determine p(-7).
5
Let w be ((-4)/5)/((-1)/5). Let t(s) be the third derivative of -s**5/60 + s**4/6 + 2*s**3/3 - 3075*s**2. Give t(w).
4
Let x(j) be the second derivative of 2/3*j**3 + 1/120*j**5 - 1/6*j**4 - 7*j + 0*j**2 + 0. Let q(g) be the second derivative of x(g). What is q(0)?
-4
Let m be 2*(-3)/(3/4). Let n(z) = -z**3 + 5*z**2 - 8*z - 5. Let i(k) = 4*k**3 - 14*k**2 + 24*k + 16. Let c(a) = 2*i(a) + 7*n(a). Calculate c(m).
-3
Let v(n) be the second derivative of 1/20*n**5 - 19*n + 5/12*n**4 + 5/6*n**3 + 0 - n**2. Calculate v(-4).
-6
Let z(l) = 84*l + l**2 - 6 + 2 - 86*l. Suppose -4*f - 3*a + 2 = -10, 0 = 4*a. Let j be z(f). Let n(k) = 5*k**2 - 1. What is n(j)?
4
Suppose -3*s - 4*a = 22, -9*a + 8*a = -s + 2. Let b(h) = -2*h**3 + h**3 - 8 - 4*h**2 + 7. What is b(s)?
-9
Let j(l) = -7 - 27 + 23 + 0*l + l + l - l**2. Determine j(0).
-11
Let m = -40 + 42. Let d(l) = 4*l - 3*l**m - l**3 - 3*l + 7*l**2 + 2*l. Give d(-2).
18
Suppose -4*y = 3*y - 21. Suppose -9*u + y*u = -12. Let c(b) = -5*b - u - 1 + 3. What is c(-2)?
10
Let h(o) = 9*o**2 + 2*o - 1. Let u be ((-20)/(-80))/(1/(-8)) + 3. Determine h(u).
10
Suppose l - 31 + 25 = 0. Let g(h) = -l*h + 3*h + 2 + 3. Give g(9).
-22
Suppose -35 = -3*k + 7. Suppose -5*v - 4 = -k. Let p(x) = x. Let n(r) = -5*r. Let f(u) = 2*n(u) + 11*p(u). Determine f(v).
2
Let i(u) = -5*u**2 - 4*u. Let n be (1/(-2))/((-2)/(-24)). Let s(k) = -9*k**2 - 8*k - 1. Let f(g) = n*s(g) + 11*i(g). Give f(6).
-6
Let k(d) = -13*d + 4. Let n(r) = -3*r + 1. Suppose 37 - 1 = 4*y. Let c(b) = y*n(b) - 2*k(b). Let q be -2 + 2 + -1 + -3. Calculate c(q).
5
Let r(b) = b**3 + 4*b**2 + b + 10. Let h be 10/(-4)*16/10. Let y be r(h). Let j(m) = m - 5. What is j(y)?
1
Suppose -q + 28 = -4*q + 2*i, -3*i + 15 = 0. Let f be 10*((-11)/14 + q/(-21)). Let k(a) = -a**2 - 7*a - 7. Determine k(f).
3
Let t(m) = 20 - 56 + 5 + 4*m + 21. Calculate t(4).
6
Let p = 10 - 11. Let y be p*(-5 + 0/4). Suppose 3*h = -5*f + 5, 6*f - 4*f + 29 = y*h. Let o(w) = w**2 - 5*w + 1. What is o(h)?
1
Let j(z) = z**2. Suppose 3*o - d + 8 = 0, -4*d + 0*d = -4*o - 8. What is j(o)?
9
Let q be 63/(14/2) - 4 - 5. Let i(a) = a + 18. What is i(q)?
18
Let w(u) = -u**3 + 5*u**2 + u - 11. Suppose 10*y + 7*y - 85 = 0. Determine w(y).
-6
Let u(h) = -h + 4. Let y be u(-7). Suppose 10*b = y*b + 8. Let c(m) = -m**2 - 9*m - 2. What is c(b)?
6
Let m(x) = -x**2 - 9*x - 5. Let l(z) = -z. Let k(f) = -3*l(f) + m(f). Let p = -27 + 39. Suppose p = -0*w - 3*w. Give k(w).
3
Let w(j) = -4*j**2 - 1. Suppose -2 = 4*v - 22. Suppose -3*s + v*t = -0 + 1, -5*s = t - 45. Let d = -7 + s. Calculate w(d).
-5
Let y(o) = 2*o + 12. Let f(w) = 3*w + 10. Let x(u) = -5*f(u) + 6*y(u). Give x(7).
1
Let z(w) = 8*w**2 - 2. Let x be z(1). Let a(v) = -v**2 - v**3 + x*v - 2*v**2 + 0 + 7*v**2 + 1. Give a(5).
6
Let j(a) be the first derivative of -a**2/2 + 8*a + 1. Suppose -k = -2*k - 2*u + 4, -3*u = k - 6. Let n be k/(3 - (2 - 0)). What is j(n)?
8
Let a(l) be the third derivative of -19*l**5/60 + l**4/12 + l**3/6 - 55*l**2 - 2. What is a(-1)?
-20
Let m(c) = 0 - 2 - 3*c - 3. Suppose l + 3 = -1. Give m(l).
7
Let n(o) = -3*o**2 + 2*o - 6. Let m(v) 